t m(b) = -b**3 - 356*b**2 + 14983*b - 421. Give m(38).
-3
Let y(z) = z**3 + 107*z**2 - 2550*z - 1175. Determine y(-127).
95
Let o(y) = -3455*y + 23339. What is o(7)?
-846
Let s(p) = p**3 + 3*p**2 + 4259*p + 30006. Determine s(-7).
-3
Let o(x) = -x**3 - 972*x**2 - 74592*x + 28. Give o(-84).
28
Let i(d) = d**3 - 53*d**2 - 82*d + 386. Give i(5).
-1224
Let l(z) = 53592*z + 214331. Determine l(-4).
-37
Let s(u) = -815*u + 26844. What is s(33)?
-51
Let g(x) = 4*x**3 - 187*x**2 - 421*x + 17567. What is g(47)?
-11
Let c(r) = -311*r - 8041. Calculate c(-13).
-3998
Let w(x) = -138*x**2 + 1257*x + 1388. Calculate w(-1).
-7
Let c(l) = -116*l - 14267. Calculate c(-123).
1
Let g(o) = 98*o + 2860. Calculate g(-29).
18
Let o(p) = 2*p**3 - 91*p**2 - 211*p + 274. Give o(-3).
34
Let o(j) = -j**3 - 275*j**2 - 1860*j - 108. What is o(-268)?
-4396
Let u(p) = -57862*p - 347199. Calculate u(-6).
-27
Let r(n) = -n**3 + 121*n**2 + 1593*n + 425. Calculate r(133).
26
Let b(k) = -16*k**2 - 801*k + 724. What is b(-51)?
-41
Let i(f) = -713*f - 107684. Give i(-151).
-21
Let v(z) = -z**3 + 11*z**2 + 22*z - 38. Give v(-3).
22
Let o(x) = 1128270*x - 7897870. Give o(7).
20
Let j(d) = 9*d**3 - 11*d**2 - 1085*d + 8525. Give j(8).
3749
Let d(n) = -4007*n - 508968. Give d(-127).
-79
Let n(c) = 36632*c + 5018582. Calculate n(-137).
-2
Let z(t) = -t**3 + 92*t**2 + 290*t - 421. Calculate z(95).
54
Let x(j) = 370*j - 29222. Give x(80).
378
Let b(w) = -5*w**2 - 137376*w + 549490. Determine b(4).
-94
Let y(z) = -z**3 + 57*z**2 + 3290*z - 10356. Determine y(3).
0
Let z(t) = t**2 + 386*t - 6094. Determine z(19).
1601
Let w(q) = -198688*q - 1192143. Calculate w(-6).
-15
Let q(m) = 202*m + 3223. What is q(-16)?
-9
Let l(v) = -v**2 + 6070*v - 295070. Determine l(49).
-41
Let z(s) = -29*s**2 - 1070*s - 6644. What is z(-29)?
-3
Let y(j) = 2*j**2 + 5*j - 2022. Determine y(-60).
4878
Let n(v) = -81*v**2 + 9089*v + 18178. Calculate n(-2).
-324
Let s(n) = 937*n - 758. What is s(1)?
179
Let g(i) = 11*i - 2543. Determine g(119).
-1234
Let m(z) = -4155*z - 28979. Calculate m(-7).
106
Let g(r) = 10889*r - 207118. What is g(19)?
-227
Let w(x) = 16*x**2 - 130*x - 19. What is w(11)?
487
Let a(m) = -5*m**3 - 11*m**2 + 49*m + 219. Calculate a(-3).
108
Let f(n) = 5849*n + 11702. Determine f(-2).
4
Let m(i) = -3*i**2 - 24*i + 1114. What is m(12)?
394
Let l(q) = -3*q**3 - 10*q**2 + 55757*q + 223016. What is l(-4)?
20
Let r(v) = 1886*v - 118825. What is r(63)?
-7
Let a(c) = -2333*c + 186831. Calculate a(80).
191
Let t(m) = m**3 + 83*m**2 + 1534*m - 443. Give t(-55).
-113
Let x(z) = -91*z**3 - 1543*z**2 + 112*z + 739. Determine x(-17).
-9
Let t(i) = 2*i**3 - 14*i**2 + 43*i + 34. Calculate t(10).
1064
Let c(m) = 3*m**2 + 2787*m + 27915. Calculate c(-10).
345
Let q(i) = i**3 - 257*i**2 + 15202*i - 3598. What is q(165)?
32
Let w(x) = 198507*x - 3374621. Determine w(17).
-2
Let g(h) = 2226*h + 1326. Give g(0).
1326
Let v(p) = 244*p - 27. What is v(19)?
4609
Let w(t) = -827*t**3 - t**2 - 3143*t + 3145. Calculate w(1).
-826
Let m(z) = z**3 - 24*z**2 + 1669*z - 35750. Give m(22).
0
Let y(n) = -n - 276. What is y(14)?
-290
Let p(y) = y**3 + 42*y**2 - 4461*y - 186. Calculate p(-91).
-4
Let r(y) = -190*y**2 - 8518*y - 50313. What is r(-7)?
3
Let v(x) = -9*x**2 + 2520*x - 2498. What is v(279)?
13
Let l(b) = 29*b + 1309. What is l(-43)?
62
Let k(o) = -o**3 - 9*o**2 + 138*o + 1323. Calculate k(-9).
81
Let r(y) = -y**3 - 41*y**2 - 362*y - 51. Give r(-29).
355
Let z(f) = f**3 + 196*f**2 - 1427*f - 1136. Determine z(-203).
82
Let a(k) = 6*k**2 + 2*k - 100. Give a(-8).
268
Let g(l) = -99*l**2 + 28814*l - 1455. Give g(291).
0
Let u(y) = y**3 - 3*y**2 - 20489*y + 102400. Calculate u(5).
5
Let r(c) = 11235*c + 190767. Calculate r(-17).
-228
Let b(n) = n**2 - 1176*n - 42481. Calculate b(-35).
-96
Let s(j) = -j**2 + 4535*j + 1161037. What is s(-243)?
-17
Let n(u) = -15*u**2 + 5783*u - 34133. Determine n(6).
25
Let g(y) = -y**2 - 7*y + 12275. Give g(111).
-823
Let u(n) = 192*n + 99395. Determine u(-518).
-61
Let w(p) = 35*p + 81. Determine w(24).
921
Let m(p) = 160*p**2 - p - 16. Calculate m(0).
-16
Let c(t) = 21394*t - 577626. Determine c(27).
12
Let o(c) = c**2 + 10*c - 2772. Determine o(57).
1047
Let r(j) = 24621*j - 4776558. Calculate r(194).
-84
Let r(m) = -317*m - 71362. Determine r(-225).
-37
Let v(w) = -42302*w - 211497. What is v(-5)?
13
Let i(l) = 951*l + 187095. What is i(-197)?
-252
Let t(f) = 543*f - 91232. What is t(168)?
-8
Let n(b) = 94798*b - 7583837. Calculate n(80).
3
Let h(o) = 10*o**2 + 761*o - 684. Calculate h(-76).
-760
Let m(b) = -2*b**3 + 132*b**2 + 364*b + 13739. Give m(70).
19
Let z(f) = 2*f**2 - 258*f + 8273. What is z(58)?
37
Let g(o) = 495*o - 423715. Give g(856).
5
Let v(k) = -4*k**2 - 1077*k - 12492. What is v(-12)?
-144
Let m(j) = 17*j**3 + 305*j**2 - 943*j - 16658. Calculate m(-18).
-8
Let i(v) = 2*v**3 + 156*v**2 - 317*v + 10. Calculate i(2).
16
Let o(s) = -1401*s - 43457. Give o(-31).
-26
Let s(x) = 6*x**3 - 233*x**2 + 1011*x - 16. Give s(5).
-36
Let h(z) = 164*z**2 - 3*z + 279. Calculate h(0).
279
Let w(a) = -a**3 - 251*a**2 - 6203*a + 1091. Calculate w(-28).
-57
Let i(g) = -55125*g + 936952. Determine i(17).
-173
Let u(b) = -89174*b. Give u(0).
0
Let u(i) = -i**3 + 184*i**2 - 3565*i + 287. Give u(162).
125
Let p(h) = h**2 + 202*h - 1576. What is p(-189)?
-4033
Let q(d) = -d**2 - 991*d + 84579. Give q(79).
49
Let y(n) = -33*n**2 + 4768*n - 7001. What is y(143)?
6
Let t(v) = 4*v**2 - 54267*v - 54269. Give t(-1).
2
Let s(h) = h**2 - 134*h + 4980. Give s(62).
516
Let c(s) = s**3 - 391*s**2 + 31086*s - 656. What is c(111)?
10
Let t(l) = 67*l**3 + 2*l**2 - 755*l + 752. Determine t(1).
66
Let u(b) = b**3 + 258*b**2 + 2002*b + 1777. Determine u(-250).
1277
Let d(g) = 8*g**3 + 1122*g**2 - 2262*g - 355877. Give d(-140).
3
Let c(y) = y**3 - 429*y - 1243. Give c(-3).
17
Let a(l) = 5*l**2 + 21741*l + 5. What is a(0)?
5
Let p(o) = -3*o**2 + 899*o + 16165. Give p(-17).
15
Let g(r) = 12988*r - 129934. Give g(10).
-54
Let j(f) = -f**3 - 37*f**2 - 75*f - 135. Calculate j(-35).
40
Let u(h) = -h**3 + 57*h**2 + 7744*h + 132. What is u(121)?
132
Let y(h) = h**3 - 111*h**2 - 113*h + 147. What is y(112)?
35
Let m(j) = 10279*j - 174729. What is m(17)?
14
Let r(c) = 3*c**3 - 104*c**2 - 521*c + 556. Calculate r(39).
10
Let g(o) = -306*o + 18080. Calculate g(52).
2168
Let s(f) = -56*f**2 - 4042*f - 728. What is s(-72)?
-8
Let t(x) = -27721*x + 55409. Determine t(2).
-33
Let n(l) = -33*l**2 + 1611*l + 7312. Calculate n(53).
-2
Let w(g) = -5*g**2 - 552*g + 9483. Determine w(17).
-1346
Let l(j) = -j**3 - 834*j**2 - 422*j + 342339. Give l(-833).
-24
Let j(z) = -721*z + 8402. Give j(12).
-250
Let x(g) = g**3 - 17*g**2 + 23*g + 257. Determine x(0).
257
Let h(c) = c**2 - 5013*c + 3280976. Determine h(774).
-10
Let u(a) = 2*a**3 + 118*a**2 - 609*a - 102. What is u(5)?
53
Let q(t) = 38*t**2 + 131*t - 232. Determine q(2).
182
Let o(x) = -5*x**3 - 11*x**2 + 8000*x + 47923. Give o(-6).
607
Let o(z) = 133026*z - 133060. Give o(1).
-34
Let f(b) = b**3 - 70*b**2 + 808*b - 88. Determine f(55).
-1023
Let x(r) = -4*r**3 + 207*r**2 - 148*r - 282. Give x(51).
-27
Let o(g) = -292*g - 4700. Give o(-14).
-612
Let s(l) = -3832*l + 30687. Calculate s(8).
31
Let q(g) = -5*g**2 - 15422*g - 412752. Give q(-27).
-3
Let d(n) = 132*n**2 + 83*n - 15. Determine d(-2).
347
Let d(c) = -c**2 + 91*c - 501. Calculate d(85).
9
Let y(a) = -a**3 - 6*a**2 + 40*a - 236. What is y(-11)?
-71
Let s(v) = 2*v**3 - 361*v**2 + 2663*v + 783. Give s(8).
7
Let x(t) = -32*t**2 - 2764*t - 6459. What is x(-84)?
-75
Let k(q) = -1318*q - 8081. Give k(-6).
-173
Let w(y) = -2715*y - 11. Calculate w(0).
-11
Let a(m) = 4*m**3 - 819*m**2 - 238*m + 6768. Give a(205).
3
Let w(k) = -30521*k - 732490. Determine w(-24).
14
Let a(v) = 139*v - 319. What is a(-9)?
-1570
Let m(r) = -2*r**3 + 3080*r**2 + 21654*r - 29. What is m(-7)?
-1
Let d(p) = -3209*p + 9982. Give d(4).
-2854
Let u(a) = 454*a - 10361. What is u(23)?
81
Let s(h) = 3*h**2 - 690*h + 39643. Give s(114).
-29
Let g(z) = z**3 - 239*z**2 - 1715*z - 1734. Give g(246).
-12
Let t(q) = 127*q**2 - 868*q - 161. Determine t(7).
-14
Let q(n) = -3*n**2 + 944*n - 29122. Calculate q(280).
-2
Let t(j) = 49613*j + 793817. What is t(-16)?
9
Let